 30?
15
What is the highest common factor of 722 and 38?
38
What is the highest common factor of 12616 and 2324?
332
Calculate the greatest common factor of 3180 and 371.
53
Calculate the highest common divisor of 15020 and 20.
20
Calculate the greatest common factor of 312 and 195.
39
What is the greatest common factor of 2107 and 343?
49
What is the highest common factor of 6580 and 14?
14
Calculate the highest common factor of 16 and 1712.
16
What is the highest common factor of 516 and 12?
12
What is the highest common divisor of 493 and 68?
17
Calculate the highest common divisor of 62 and 31.
31
Calculate the greatest common divisor of 4 and 18.
2
What is the greatest common factor of 228 and 95?
19
Calculate the highest common divisor of 42 and 938.
14
What is the highest common factor of 363 and 66?
33
What is the highest common factor of 6 and 1248?
6
What is the highest common divisor of 943 and 115?
23
Calculate the highest common divisor of 4311 and 27.
9
Calculate the greatest common divisor of 16 and 1656.
8
Calculate the greatest common divisor of 1960 and 40.
40
Calculate the greatest common factor of 65 and 585.
65
Calculate the highest common divisor of 438 and 36.
6
Calculate the highest common factor of 13 and 221.
13
What is the highest common factor of 157 and 628?
157
Calculate the highest common divisor of 2478 and 472.
118
What is the greatest common divisor of 150 and 70?
10
What is the highest common divisor of 34 and 2006?
34
Calculate the highest common factor of 66 and 33.
33
What is the greatest common factor of 304 and 1178?
38
Calculate the highest common divisor of 344 and 8.
8
Calculate the highest common divisor of 81 and 2313.
9
What is the highest common factor of 55 and 1265?
55
Calculate the highest common divisor of 114 and 21489.
57
Calculate the highest common factor of 15 and 3630.
15
What is the greatest common factor of 217 and 9331?
217
Calculate the highest common divisor of 30592 and 478.
478
Calculate the greatest common factor of 1 and 16.
1
Calculate the greatest common factor of 1147 and 31.
31
Calculate the highest common factor of 9 and 89.
1
What is the greatest common divisor of 537 and 12?
3
Calculate the greatest common divisor of 4102 and 14.
14
What is the highest common factor of 1 and 29?
1
Calculate the greatest common divisor of 10 and 1290.
10
What is the greatest common divisor of 756 and 798?
42
Calculate the greatest common divisor of 61 and 427.
61
Calculate the greatest common factor of 1484 and 448.
28
What is the greatest common divisor of 555 and 540?
15
Calculate the highest common divisor of 45 and 255.
15
Calculate the greatest common divisor of 22165 and 5.
5
What is the greatest common divisor of 14 and 301?
7
Calculate the greatest common factor of 3684 and 48.
12
Calculate the highest common factor of 906 and 3.
3
What is the highest common factor of 12 and 20?
4
Calculate the greatest common divisor of 363 and 15.
3
Calculate the highest common divisor of 329 and 7.
7
Calculate the highest common factor of 72 and 144.
72
Calculate the highest common divisor of 80 and 50.
10
Calculate the highest common factor of 28 and 1967.
7
What is the highest common divisor of 2134 and 88?
22
Calculate the highest common divisor of 1222 and 2209.
47
Calculate the highest common factor of 36 and 8676.
36
Calculate the greatest common factor of 2761 and 22.
11
What is the highest common divisor of 704 and 22?
22
What is the greatest common factor of 2100 and 28?
28
Calculate the highest common divisor of 51 and 51.
51
Calculate the greatest common divisor of 70 and 42.
14
Calculate the highest common divisor of 1053 and 26.
13
Calculate the highest common factor of 4500 and 36.
36
Calculate the highest common factor of 36 and 1920.
12
What is the greatest common factor of 3398 and 2?
2
What is the greatest common divisor of 464 and 64?
16
Calculate the greatest common divisor of 2128 and 4.
4
What is the highest common factor of 4453 and 1159?
61
Calculate the highest common divisor of 32 and 736.
32
What is the highest common factor of 48 and 198?
6
What is the greatest common factor of 143 and 583?
11
What is the greatest common factor of 15 and 5178?
3
Calculate the highest common divisor of 703 and 1045.
19
What is the greatest common divisor of 185 and 148?
37
What is the highest common divisor of 2 and 4676?
2
What is the highest common factor of 108 and 2772?
36
Calculate the highest common factor of 51 and 697.
17
Calculate the highest common divisor of 34 and 8.
2
What is the greatest common factor of 625 and 75?
25
What is the highest common divisor of 27984 and 132?
132
Calculate the greatest common factor of 60 and 8.
4
What is the greatest common factor of 2484 and 144?
36
Calculate the highest common factor of 301 and 215.
43
Calculate the greatest common divisor of 93 and 217.
31
Calculate the greatest common factor of 402 and 2278.
134
What is the highest common divisor of 185 and 296?
37
What is the greatest common divisor of 383 and 2?
1
Calculate the greatest common divisor of 10 and 935.
5
What is the highest common divisor of 130 and 13130?
130
What is the greatest common divisor of 252 and 132?
12
What is the greatest common factor of 125 and 1?
1
Calculate the greatest common divisor of 5517 and 9.
9
Calculate the greatest common divisor of 1350 and 432.
54
Calculate the greatest common divisor of 5200 and 910.
130
Calculate the greatest common factor of 175 and 225.
25
Calculate the greatest common divisor of 476 and 17.
17
What is the highest common divisor of 6083 and 231?
77
What is the greatest common divisor of 325 and 100?
25
What is the highest common factor of 20 and 1640?
20
Calculate the greatest common factor of 3 and 1.
1
What is the greatest common factor of 55 and 20?
5
Calculate the highest common divisor of 12 and 1956.
12
Calculate the greatest common divisor of 44 and 297.
11
Calculate the greatest common divisor of 3294 and 45.
9
Calculate the greatest common factor of 1079 and 260.
13
Calculate the highest common factor of 21 and 273.
21
Calculate the greatest common divisor of 2 and 118.
2
Calculate the greatest common factor of 28 and 1896.
4
What is the highest common divisor of 396 and 11?
11
Calculate the highest common divisor of 1298 and 220.
22
What is the highest common factor of 8 and 4?
4
What is the greatest common divisor of 126 and 14?
14
Calculate the greatest common factor of 96 and 352.
32
What is the highest common factor of 230 and 46?
46
Calculate the greatest common factor of 31 and 6.
1
Calculate the highest common divisor of 1 and 139.
1
What is the highest common divisor of 48 and 34864?
16
Calculate the highest common divisor of 102 and 3434.
34
What is the greatest common factor of 4298 and 28?
14
Calculate the highest common divisor of 1250 and 2700.
50
Calculate the highest common divisor of 63 and 25011.
63
Calculate the greatest common divisor of 2891 and 98.
49
What is the greatest common divisor of 8 and 576?
8
Calculate the greatest common factor of 30 and 48.
6
What is the highest common factor of 29 and 725?
29
Calculate the highest common divisor of 1544 and 8.
8
Calculate the highest common factor of 72 and 11304.
72
What is the greatest common factor of 435 and 87?
87
What is the highest common divisor of 106 and 10282?
106
What is the highest common factor of 62 and 11098?
62
What is the highest common factor of 1428 and 136?
68
What is the greatest common factor of 48 and 132?
12
Calculate the greatest common factor of 117 and 91.
13
Calculate the greatest common factor of 14 and 238.
14
Calculate the highest common divisor of 49086 and 404.
202
Calculate the highest common factor of 416 and 91.
13
Calculate the greatest common divisor of 20750 and 100.
50
What is the greatest common divisor of 42 and 24?
6
Calculate the greatest common divisor of 300 and 375.
75
What is the greatest common divisor of 36 and 3492?
36
What is the greatest common divisor of 48 and 9456?
48
What is the greatest common divisor of 396 and 12?
12
Calculate the greatest common divisor of 828 and 972.
36
What is the highest common factor of 116 and 3422?
58
Calculate the highest common divisor of 70 and 28.
14
Calc